e prime factors of a.
3, 5
Let n = -330 - -330. Suppose -2*f = -2*c - 19 + 289, n = -f + 1. List the prime factors of c.
2, 17
Let q(x) = -2*x**3 - 26*x**2 + 107*x + 57. List the prime factors of q(-26).
14851
Let h(x) = 3*x**2 + 5*x**3 + 4*x - 76 + 69 + x**3 + 4*x**3. Let f be h(3). Suppose -a = a - f. What are the prime factors of a?
151
Suppose -3*z = -827 + 347. Let p = z + 74. What are the prime factors of p?
2, 3, 13
Suppose 4*r = -175*m + 178*m - 917, -1519 = -5*m + 2*r. List the prime factors of m.
3, 101
Suppose 5*z - 119 = -3*t, -4*t = z + 89 - 242. Suppose -t*i + 36*i + 550 = 0. Suppose -22*r - i = -27*r. List the prime factors of r.
5, 11
Let t(b) be the second derivative of 5*b**3/6 - 12*b**2 + 21*b. Let o be t(5). What are the prime factors of o/(-4) - 1226/(-8)?
3, 17
Let o = -8 + 62. Let z = o - 49. Suppose 0 = -z*g, u + 2*g - 120 = -0*g. List the prime factors of u.
2, 3, 5
Suppose -3*g = -3*x, 2*x - x - 25 = -4*g. Suppose 0 = -5*r - 0*r + 2*n + 263, -g*r = -5*n - 275. List the prime factors of r.
3, 17
Let r(i) be the second derivative of 3/2*i**2 - 1/20*i**5 - 1/3*i**3 + 9*i + 0 + 7/12*i**4. List the prime factors of r(3).
3, 11
Let i = -8325 + 12521. Suppose 12*k - i = 424. List the prime factors of k.
5, 7, 11
List the prime factors of 56/42*(-2)/(26709/26721 - 1).
2, 2969
Suppose 6*x = -2*x - 32. List the prime factors of -10*((-9 - -6) + x*1).
2, 5, 7
Suppose 5*o - 232 = -82. Suppose -252 = 3*s - 12*s. Suppose o*u = s*u + 140. List the prime factors of u.
2, 5, 7
Let o(a) = -276*a - 28. List the prime factors of o(-48).
2, 5, 661
Let i(t) = -1530*t + 1716. What are the prime factors of i(-12)?
2, 3, 7, 239
Suppose -6*s + 12 = -2*s. Suppose 36 = 3*k - 4*d, s*d + 60 = 2*k + 3*k. What are the prime factors of 214 + ((-1)/2 - k/8)?
2, 53
Let k be (-1)/((-2)/(0 - -2)*1). Let d be (-3)/(k/2*-2 + 0). Suppose a - 350 = -2*p, -1 + 13 = -d*a. List the prime factors of p.
3, 59
Let c(x) = x - 6*x + 4 - 10*x. Suppose 8*s + 104 = 56. List the prime factors of c(s).
2, 47
Suppose i + 6 = 31. Suppose -x + 5*t - 33 = -8, 0 = 5*x + 5*t - i. Suppose u - j = -x*j + 148, 3*u - j - 450 = 0. What are the prime factors of u?
151
Suppose 167 = p - u, 4*u + 835 = 5*p - 0*u. Let g = 373 - p. What are the prime factors of g?
2, 103
Let y = -60 + 167. Let q = y - 31. Let c = -43 + q. What are the prime factors of c?
3, 11
Suppose -2 = -4*w + 3*w - 2*t, 24 = 3*w - 3*t. Suppose -196 - 32 = -w*h. List the prime factors of h.
2, 19
Let i(q) be the third derivative of -q**6/120 - 7*q**5/20 + 3*q**4/4 - 4*q**3 + 13*q**2. Let d be i(-19). What are the prime factors of d/40*(-5)/2?
2, 17
Let n(j) = -22*j**2 - 3*j + 8. Let t be n(3). Let p = t - -442. What are the prime factors of p?
3
Let s(q) = 1365*q**2 + 48*q + 3. What are the prime factors of s(1)?
2, 3, 59
Suppose -67*r - 148764 = -89*r. What are the prime factors of r?
2, 3, 7, 23
Suppose -154*y - 9*y + 1671891 = 0. What are the prime factors of y?
3, 13, 263
What are the prime factors of (23 - 24)*(-25780 - 0) - 12?
2, 3221
Suppose -1426 = -q + 2*d, 4*q - 1556*d - 5719 = -1551*d. What are the prime factors of q?
2, 359
Let w = 141 - 109. Suppose 596 = w*b - 30*b. List the prime factors of b.
2, 149
What are the prime factors of 11 + (-3 - 8) + 61*1269?
3, 47, 61
Let h(l) = -4*l - 32. Let p be h(-11). Suppose 4*s - 8 - p = 0. Suppose -3*i = -2*u + 183, 4*u - s*i - 321 = 44. List the prime factors of u.
2, 3, 5
Let q = 41 - 76. Let t be q/(-14)*12/5. Suppose -t*x - 58 = -8*x. List the prime factors of x.
29
Let i(q) = 10 - 14*q**2 + 5 + 18*q + 14 + q**3 + 0. What are the prime factors of i(13)?
2, 47
Suppose -3*r + 4 = -2. Suppose -f = -4*f - r*q + 341, -4*q = 3*f - 343. Suppose -3*m = -466 - f. What are the prime factors of m?
193
Suppose 3*h = 470 + 835. Let y = -701 - -442. Let l = h + y. List the prime factors of l.
2, 11
Let r = 55 - 45. Suppose 2*s + s = i + 2, -2*i - s = -r. Suppose -8*t + i*t = -364. What are the prime factors of t?
7, 13
Let s(j) = -j**3 + 5*j**2 - 2*j + 18. Let x be s(5). Suppose -45 = -v - x*v. Suppose -v*h - 2 = -347. List the prime factors of h.
3, 23
Let d = 7824 + 9593. List the prime factors of d.
17417
Let u = -82 + 79. Let d(g) = -5*g - 11. Let x be d(u). Suppose 3*a + m = 5*a - 247, -2*a + 232 = -x*m. List the prime factors of a.
2, 3, 7
Let d be (-2)/3 - (-40)/6. Suppose 0 = 137*g - 147*g - 50. What are the prime factors of (111/(-2))/(g + 27/d)?
3, 37
Suppose 1030*y + 6561 = 1027*y. Let o = 3905 + y. List the prime factors of o.
2, 859
Suppose -21*m = -19*m + 8. Let l be 1320/m*1/(-3)*16. List the prime factors of 6/(-15) - l/(-25).
2, 5, 7
Let t(c) = 739*c + 35055. What are the prime factors of t(0)?
3, 5, 19, 41
Let j(r) = -7*r**2 + 55*r + 8. Let f be j(8). Suppose f = -12*d + 1198 + 2186. What are the prime factors of d?
2, 3, 47
Suppose 523*h + v + 7029 = 525*h, -h - 2*v = -3522. List the prime factors of h.
2, 3, 293
Let q(j) = 19*j**2 + 2*j - 4. Suppose 0 = w - 3*w + 24. Let z be 9/w*32/12. List the prime factors of q(z).
2, 19
Let i(r) = r**3 + 18*r**2 - 20*r - 13. Let g be ((-38)/(-6))/((-18)/54). Let c be i(g). List the prime factors of (56/6)/(1/c).
2, 7
Let l(u) be the second derivative of -u**5/20 - u**3/3 + 1125*u**2/2 + 115*u. List the prime factors of l(0).
3, 5
Suppose -3*s = 11852 - 43277. What are the prime factors of s?
5, 419
Suppose -14121492 = -126*n - 367*n. What are the prime factors of n?
2, 3, 7, 11, 31
Let u(g) = g**2 + 11*g + 2. Let h be u(-11). Suppose 3*f - 330 = 3*q, 12*f - h*q = 11*f + 114. List the prime factors of f.
2, 53
Let k be -1 + 2345/21 - 3/(-9). Let d = -26 + k. What are the prime factors of d?
5, 17
Suppose 0 = -3*h + 40 - 31. Suppose b + 2*n - 5*n + 47 = 0, -5*b + h*n - 211 = 0. Let d = 61 + b. What are the prime factors of d?
2, 5
Suppose 3*x + 50796 = 3*o, x = -17*o + 20*o - 50812. What are the prime factors of o?
2, 5, 7, 11
List the prime factors of 0 + 16822/6 - (-15)/45.
2, 701
Let i = -35 + 31. Let g(m) = -m**2 - m - 1. Let a(n) = -n**3 - 6*n**2 - 6*n - 10. Let v(b) = a(b) - 2*g(b). List the prime factors of v(i).
2
Suppose -2*x = -5*w + 65855, 4*x = 4*w - 3*w - 13189. Suppose 24*l - 11*l - w = 0. List the prime factors of l.
1013
Let d = -1175 - -10106. List the prime factors of d.
3, 13, 229
Let c = -47 - -72. Suppose -18*w - 21 = -c*w. Suppose -2*r - 3*h + 302 = 0, w*r = 2*r + 3*h + 133. List the prime factors of r.
5, 29
Let j = -61 + 303. Let d be 2/(-1) + 5*1. Suppose d*g - j = -44. List the prime factors of g.
2, 3, 11
Suppose -9*v + 30 = -3*v. Suppose 3*n + y - 1410 = 0, -v*y + 147 = -3*n + 1557. What are the prime factors of n?
2, 5, 47
Suppose -3*p + 35*p - 13100 = 24852. What are the prime factors of p?
2, 593
Suppose 5*r = 3*f + 66517, -90*r + 2*f - 53174 = -94*r. List the prime factors of r.
2, 61, 109
Let m = 39189 - 25251. What are the prime factors of m?
2, 3, 23, 101
List the prime factors of (1 + -4 - (1 - 3)) + 13413.
2, 7, 479
Let p = 50 + -46. Suppose p*n - 5*x + 9*x + 60 = 0, 5*n + 78 = -2*x. List the prime factors of 6/(-14) + n*(-261)/42.
3, 11
Suppose 13*r = 25*r + 10656. Let z = r - -1672. What are the prime factors of z?
2, 7
Let a = -19 + 10. Let x be ((-24)/a)/((-8)/(-1164)). Suppose -p + x = 3*p. List the prime factors of p.
97
Suppose -19*z - 22 = -18*z. Let i(o) = -o**3 - 23*o**2 - 23*o - 20. Let m be i(z). Suppose 3*y - 67 - 47 = -m*r, -47 = -r + y. What are the prime factors of r?
3, 17
Let o(f) = 3*f**3 + 10*f**2 + 12*f - 80. Let v(u) = u**3 + 5*u**2 + 6*u - 40. Let s(w) = 3*o(w) - 7*v(w). List the prime factors of s(5).
3, 5
Let s be (2/3)/(-9 - 182/(-21)). Let x(t) = -98*t**3 - 2*t**2 - 4*t - 4. List the prime factors of x(s).
2, 3, 5, 13
Suppose 0 = 4*a - 3 - 5. Suppose -5*y = -2*h - 275, a*y + 0*y = h + 111. Suppose 3*b = 3*l - 102, 3*l - 73 = -5*b + y. List the prime factors of l.
37
Suppose -5*t + o = -18, 3*t + o = -t + 9. Suppose t*n - 1478 = -248. List the prime factors of n.
2, 5, 41
Suppose -3*m + 12356 = -4*w, 1825*m - 1829*m - w + 16500 = 0. List the prime factors of m.
2, 1031
Let n(j) = 36*j - 4. Let s(d) = -d. Let b(w) = n(w) - 3*s(w). Let c(x) = x**2 - 30*x - 173. Let t be c(-5). What are the prime factors of b(t)?
2, 37
Suppose -2*p + 4*p + 338 = 0. Let g 